{"id":1567,"date":"2015-11-30T14:44:34","date_gmt":"2015-11-30T14:44:34","guid":{"rendered":"http:\/\/demo.mekshq.com\/herald\/v1\/?page_id=1496"},"modified":"2021-03-09T15:42:13","modified_gmt":"2021-03-09T15:42:13","slug":"herald-home","status":"publish","type":"page","link":"https:\/\/www.netbet.com\/br\/blog\/","title":{"rendered":"Herald Home"},"content":{"rendered":"","protected":false},"excerpt":{"rendered":"","protected":false},"author":2,"featured_media":0,"parent":0,"menu_order":0,"comment_status":"closed","ping_status":"closed","template":"template-modules.php","meta":{"_acf_changed":false,"footnotes":""},"class_list":["post-1567","page","type-page","status-publish","hentry"],"acf":[],"yoast_head":"<!-- This site is optimized with the Yoast SEO plugin v26.9 - https:\/\/yoast.com\/product\/yoast-seo-wordpress\/ -->\n<title>Not\u00edcias sobre Apostas Esportivas e Cassinos | NetBet Brasil Blog<\/title>\n<meta name=\"description\" content=\"Saiba as \u00faltimas not\u00edcias sobre futebol e demais esportes, dicas de apostas, palpites sobre futebol, reviews de jogos de cassino, b\u00f4nus e muito mais no Blog NetBet Brasil.\" \/>\n<meta name=\"robots\" content=\"index, follow, max-snippet:-1, max-image-preview:large, max-video-preview:-1\" \/>\n<link rel=\"canonical\" href=\"https:\/\/www.netbet.com\/br\/blog\/\" \/>\n<meta property=\"og:locale\" content=\"pt_BR\" \/>\n<meta property=\"og:type\" content=\"article\" \/>\n<meta property=\"og:title\" content=\"Not\u00edcias sobre Apostas Esportivas e Cassinos | NetBet Brasil Blog\" \/>\n<meta property=\"og:description\" content=\"Saiba as \u00faltimas not\u00edcias sobre futebol e demais esportes, dicas de apostas, palpites sobre futebol, reviews de jogos de cassino, b\u00f4nus e muito mais no Blog NetBet Brasil.\" \/>\n<meta property=\"og:url\" content=\"https:\/\/www.netbet.com\/br\/blog\/\" \/>\n<meta property=\"og:site_name\" content=\"NetBet BR Blog\" \/>\n<meta property=\"article:publisher\" content=\"https:\/\/www.facebook.com\/netbetcom\" \/>\n<meta property=\"article:modified_time\" content=\"2021-03-09T15:42:13+00:00\" \/>\n<meta name=\"twitter:card\" content=\"summary_large_image\" \/>\n<meta name=\"twitter:site\" content=\"@netbet\" \/>\n<script type=\"application\/ld+json\" class=\"yoast-schema-graph\">{\"@context\":\"https:\/\/schema.org\",\"@graph\":[{\"@type\":\"WebPage\",\"@id\":\"https:\/\/www.netbet.com\/br\/blog\/\",\"url\":\"https:\/\/www.netbet.com\/br\/blog\/\",\"name\":\"Not\u00edcias sobre Apostas Esportivas e Cassinos | NetBet Brasil Blog\",\"isPartOf\":{\"@id\":\"https:\/\/www.netbet.com\/br\/blog\/#website\"},\"datePublished\":\"2015-11-30T14:44:34+00:00\",\"dateModified\":\"2021-03-09T15:42:13+00:00\",\"description\":\"Saiba as \u00faltimas not\u00edcias sobre futebol e demais esportes, dicas de apostas, palpites sobre futebol, reviews de jogos de cassino, b\u00f4nus e muito mais no Blog NetBet Brasil.\",\"breadcrumb\":{\"@id\":\"https:\/\/www.netbet.com\/br\/blog\/#breadcrumb\"},\"inLanguage\":\"pt-BR\",\"potentialAction\":[{\"@type\":\"ReadAction\",\"target\":[\"https:\/\/www.netbet.com\/br\/blog\/\"]}]},{\"@type\":\"BreadcrumbList\",\"@id\":\"https:\/\/www.netbet.com\/br\/blog\/#breadcrumb\",\"itemListElement\":[{\"@type\":\"ListItem\",\"position\":1,\"name\":\"Home\",\"item\":\"https:\/\/www.netbet.com\/br\/blog\/\"},{\"@type\":\"ListItem\",\"position\":2,\"name\":\"Herald Home\"}]},{\"@type\":\"WebSite\",\"@id\":\"https:\/\/www.netbet.com\/br\/blog\/#website\",\"url\":\"https:\/\/www.netbet.com\/br\/blog\/\",\"name\":\"NetBet BR Blog\",\"description\":\"\",\"publisher\":{\"@id\":\"https:\/\/www.netbet.com\/br\/blog\/#organization\"},\"potentialAction\":[{\"@type\":\"SearchAction\",\"target\":{\"@type\":\"EntryPoint\",\"urlTemplate\":\"https:\/\/www.netbet.com\/br\/blog\/?s={search_term_string}\"},\"query-input\":{\"@type\":\"PropertyValueSpecification\",\"valueRequired\":true,\"valueName\":\"search_term_string\"}}],\"inLanguage\":\"pt-BR\"},{\"@type\":\"Organization\",\"@id\":\"https:\/\/www.netbet.com\/br\/blog\/#organization\",\"name\":\"NetBet\",\"url\":\"https:\/\/www.netbet.com\/br\/blog\/\",\"logo\":{\"@type\":\"ImageObject\",\"inLanguage\":\"pt-BR\",\"@id\":\"https:\/\/www.netbet.com\/br\/blog\/#\/schema\/logo\/image\/\",\"url\":\"https:\/\/www.netbet.com\/br\/blog\/wp-content\/uploads\/2018\/04\/netbet-logo.png\",\"contentUrl\":\"https:\/\/www.netbet.com\/br\/blog\/wp-content\/uploads\/2018\/04\/netbet-logo.png\",\"width\":320,\"height\":230,\"caption\":\"NetBet\"},\"image\":{\"@id\":\"https:\/\/www.netbet.com\/br\/blog\/#\/schema\/logo\/image\/\"},\"sameAs\":[\"https:\/\/www.facebook.com\/netbetcom\",\"https:\/\/x.com\/netbet\",\"https:\/\/www.instagram.com\/netbetsport\/\",\"https:\/\/ro.pinterest.com\/netbetcom\/\"]}]}<\/script>\n<!-- \/ Yoast SEO plugin. -->","yoast_head_json":{"title":"Not\u00edcias sobre Apostas Esportivas e Cassinos | NetBet Brasil Blog","description":"Saiba as \u00faltimas not\u00edcias sobre futebol e demais esportes, dicas de apostas, palpites sobre futebol, reviews de jogos de cassino, b\u00f4nus e muito mais no Blog NetBet Brasil.","robots":{"index":"index","follow":"follow","max-snippet":"max-snippet:-1","max-image-preview":"max-image-preview:large","max-video-preview":"max-video-preview:-1"},"canonical":"https:\/\/www.netbet.com\/br\/blog\/","og_locale":"pt_BR","og_type":"article","og_title":"Not\u00edcias sobre Apostas Esportivas e Cassinos | NetBet Brasil Blog","og_description":"Saiba as \u00faltimas not\u00edcias sobre futebol e demais esportes, dicas de apostas, palpites sobre futebol, reviews de jogos de cassino, b\u00f4nus e muito mais no Blog NetBet Brasil.","og_url":"https:\/\/www.netbet.com\/br\/blog\/","og_site_name":"NetBet BR Blog","article_publisher":"https:\/\/www.facebook.com\/netbetcom","article_modified_time":"2021-03-09T15:42:13+00:00","twitter_card":"summary_large_image","twitter_site":"@netbet","schema":{"@context":"https:\/\/schema.org","@graph":[{"@type":"WebPage","@id":"https:\/\/www.netbet.com\/br\/blog\/","url":"https:\/\/www.netbet.com\/br\/blog\/","name":"Not\u00edcias sobre Apostas Esportivas e Cassinos | NetBet Brasil Blog","isPartOf":{"@id":"https:\/\/www.netbet.com\/br\/blog\/#website"},"datePublished":"2015-11-30T14:44:34+00:00","dateModified":"2021-03-09T15:42:13+00:00","description":"Saiba as \u00faltimas not\u00edcias sobre futebol e demais esportes, dicas de apostas, palpites sobre futebol, reviews de jogos de cassino, b\u00f4nus e muito mais no Blog NetBet Brasil.","breadcrumb":{"@id":"https:\/\/www.netbet.com\/br\/blog\/#breadcrumb"},"inLanguage":"pt-BR","potentialAction":[{"@type":"ReadAction","target":["https:\/\/www.netbet.com\/br\/blog\/"]}]},{"@type":"BreadcrumbList","@id":"https:\/\/www.netbet.com\/br\/blog\/#breadcrumb","itemListElement":[{"@type":"ListItem","position":1,"name":"Home","item":"https:\/\/www.netbet.com\/br\/blog\/"},{"@type":"ListItem","position":2,"name":"Herald Home"}]},{"@type":"WebSite","@id":"https:\/\/www.netbet.com\/br\/blog\/#website","url":"https:\/\/www.netbet.com\/br\/blog\/","name":"NetBet BR Blog","description":"","publisher":{"@id":"https:\/\/www.netbet.com\/br\/blog\/#organization"},"potentialAction":[{"@type":"SearchAction","target":{"@type":"EntryPoint","urlTemplate":"https:\/\/www.netbet.com\/br\/blog\/?s={search_term_string}"},"query-input":{"@type":"PropertyValueSpecification","valueRequired":true,"valueName":"search_term_string"}}],"inLanguage":"pt-BR"},{"@type":"Organization","@id":"https:\/\/www.netbet.com\/br\/blog\/#organization","name":"NetBet","url":"https:\/\/www.netbet.com\/br\/blog\/","logo":{"@type":"ImageObject","inLanguage":"pt-BR","@id":"https:\/\/www.netbet.com\/br\/blog\/#\/schema\/logo\/image\/","url":"https:\/\/www.netbet.com\/br\/blog\/wp-content\/uploads\/2018\/04\/netbet-logo.png","contentUrl":"https:\/\/www.netbet.com\/br\/blog\/wp-content\/uploads\/2018\/04\/netbet-logo.png","width":320,"height":230,"caption":"NetBet"},"image":{"@id":"https:\/\/www.netbet.com\/br\/blog\/#\/schema\/logo\/image\/"},"sameAs":["https:\/\/www.facebook.com\/netbetcom","https:\/\/x.com\/netbet","https:\/\/www.instagram.com\/netbetsport\/","https:\/\/ro.pinterest.com\/netbetcom\/"]}]}},"amp_enabled":false,"post_mailing_queue_ids":[],"_links":{"self":[{"href":"https:\/\/www.netbet.com\/br\/blog\/wp-json\/wp\/v2\/pages\/1567","targetHints":{"allow":["GET"]}}],"collection":[{"href":"https:\/\/www.netbet.com\/br\/blog\/wp-json\/wp\/v2\/pages"}],"about":[{"href":"https:\/\/www.netbet.com\/br\/blog\/wp-json\/wp\/v2\/types\/page"}],"author":[{"embeddable":true,"href":"https:\/\/www.netbet.com\/br\/blog\/wp-json\/wp\/v2\/users\/2"}],"replies":[{"embeddable":true,"href":"https:\/\/www.netbet.com\/br\/blog\/wp-json\/wp\/v2\/comments?post=1567"}],"version-history":[{"count":1,"href":"https:\/\/www.netbet.com\/br\/blog\/wp-json\/wp\/v2\/pages\/1567\/revisions"}],"predecessor-version":[{"id":1715,"href":"https:\/\/www.netbet.com\/br\/blog\/wp-json\/wp\/v2\/pages\/1567\/revisions\/1715"}],"wp:attachment":[{"href":"https:\/\/www.netbet.com\/br\/blog\/wp-json\/wp\/v2\/media?parent=1567"}],"curies":[{"name":"wp","href":"https:\/\/api.w.org\/{rel}","templated":true}]}}